{"id":172,"date":"2023-03-16T22:41:06","date_gmt":"2023-03-16T21:41:06","guid":{"rendered":"http:\/\/skokporekord.pl\/?page_id=172"},"modified":"2023-03-16T23:19:24","modified_gmt":"2023-03-16T22:19:24","slug":"leszek-drogon-1931-2023","status":"publish","type":"page","link":"http:\/\/skokporekord.pl\/?page_id=172","title":{"rendered":"Leszek Drogo\u0144 (1931-2023)"},"content":{"rendered":"<div class=\"wp-block-image\"><img loading=\"lazy\" decoding=\"async\" class=\"alignnone wp-image-173 \" src=\"http:\/\/skokporekord.pl\/wp-content\/uploads\/2023\/03\/Zdjecie-WhatsApp-2023-03-13-o-22.01.56-682x1024.jpg\" alt=\"\" width=\"441\" height=\"662\" data-id=\"173\" srcset=\"http:\/\/skokporekord.pl\/wp-content\/uploads\/2023\/03\/Zdjecie-WhatsApp-2023-03-13-o-22.01.56-682x1024.jpg 682w, http:\/\/skokporekord.pl\/wp-content\/uploads\/2023\/03\/Zdjecie-WhatsApp-2023-03-13-o-22.01.56-200x300.jpg 200w, http:\/\/skokporekord.pl\/wp-content\/uploads\/2023\/03\/Zdjecie-WhatsApp-2023-03-13-o-22.01.56-768x1153.jpg 768w, http:\/\/skokporekord.pl\/wp-content\/uploads\/2023\/03\/Zdjecie-WhatsApp-2023-03-13-o-22.01.56-1023x1536.jpg 1023w, http:\/\/skokporekord.pl\/wp-content\/uploads\/2023\/03\/Zdjecie-WhatsApp-2023-03-13-o-22.01.56.jpg 1066w\" sizes=\"auto, (max-width: 441px) 100vw, 441px\" \/><\/div>\n<h1><\/h1>\n<h1 class=\"main-title\"><strong>Leszek Drogo\u0144<\/strong><\/h1>\n<h3 class=\"main-title\"><strong><em>ur. 22.07.1931\u00a0 zm. 11.03.2023<\/em><\/strong><\/h3>\n<p><strong>Trener p\u0142ywania I klasy, s\u0119dzia p\u0142ywania I klasy, ratownik WOPR. Uprawia\u0142 p\u0142ywanie i skoki do wody.<\/strong><\/p>\n<p>Absolwent Wy\u017cszej Szko\u0142y Wychowania Fizycznego we Wroc\u0142awiu (obecnie AWF), p\u00f3\u017aniej asystent w Zak\u0142adzie P\u0142ywania WSWF. Pocz\u0105tkowo pracowa\u0142 w Szkole Podstawowej nr 11 we Wroc\u0142awiu oraz w klubie \u201eCzarni\u201d, kt\u00f3ry potem zmieni\u0142 nazw\u0119 na \u201eBudowlani\u201d.<\/p>\n<p>Od 1970 roku zwi\u0105za\u0142 si\u0119 z MKS Juvenia Wroc\u0142aw i nowopowsta\u0142\u0105 Sportow\u0105 Szko\u0142\u0105 Podstawow\u0105 nr 72 we Wroc\u0142awiu, w kt\u00f3rej pracowa\u0142, a\u017c do przej\u015bcia na emerytur\u0119 w 1983 roku. Zosta\u0142 w niej pierwszym wicedyrektorem ds. sportu, a stanowisko to obj\u0105\u0142 w 1974 roku, kiedy uko\u0144czono budow\u0119 sali gimnastycznej i p\u0142ywalni. By\u0142 g\u0142\u00f3wnym organizatorem i propagatorem sportu p\u0142ywackiego w tej szkole. W 2005 roku Kapitu\u0142a SSP 72 przyzna\u0142a mu tytu\u0142 BELFERUS HONORIS CAUSA.<\/p>\n<p>Za zaanga\u017cowanie i zas\u0142ugi dla sportu by\u0142 wielokrotnie odznaczany i nagradzany: Z\u0142otym i Br\u0105zowym Krzy\u017cem Zas\u0142ugi, Br\u0105zow\u0105 Odznak\u0105 \u201eZas\u0142u\u017cony Dzia\u0142acz Kultury Fizycznej\u201d, Br\u0105zow\u0105 Odznak\u0105 \u201eZas\u0142u\u017cony dla Wojew\u00f3dztwa Wroc\u0142awskiego i Miasta Wroc\u0142awia, Medalem 50-lecia i 60-lecia Polskiego Zwi\u0105zku P\u0142ywackiego. Honorow\u0105 odznak\u0105 Polskiego Zwi\u0105zku P\u0142ywackiego, nagrodami Ministerstwa O\u015bwiaty i Wychowania oraz Kuratora O\u015bwiaty i Wychowania, Wyr\u00f3\u017cnieniem Szkolnego Zwi\u0105zku Sportowego i odznak\u0105 Zas\u0142u\u017cony dla Dolno\u015bl\u0105skiego P\u0142ywania.<\/p>\n<p>Wychowawca i trener wielu medalist\u00f3w i finalist\u00f3w zawod\u00f3w og\u00f3lnopolskich. Jego wychowankowie to m.in.: Krzysztof Bukowski, Krzysztof Bober, Artur Bednarz, Dorota Fiziar (Serafin), Ma\u0142gorzata Fiziar (Blicharska), Ma\u0142gorzata Janu\u015b (Widanka), S\u0142awomir Bury, Jerzy Micha\u0142ek, Jaros\u0142aw Najdek.<\/p>\n<p><em>Ciekawostk\u0105 jest, \u017ce Leszek Drogo\u0144 by\u0142 s\u0119dzi\u0105 na p\u0142ywalni przy ul. Teatralnej podczas pobicia rekordu \u015bwiata na 100 m stylem klasycznym przez Marka Petrusewicza! Na p\u0142ywalni\u0119 przyby\u0142o wtedy 3 tysi\u0105ce ludzi, a drugie tyle sta\u0142o przed budynkiem Miejskich Zak\u0142ad\u00f3w K\u0105pielowych s\u0142uchaj\u0105c relacji przez g\u0142o\u015bniki.<\/em><\/p>\n<h5>Zdj\u0119cia zrobione zosta\u0142o podczas obchod\u00f3w 60-lecia MKS Juvenia Wroc\u0142aw w 2006 r. (autor Andrzej Solnica)<\/h5>\n<div id='gallery-1' class='gallery galleryid-172 gallery-columns-3 gallery-size-medium'><dl class='gallery-item'>\n\t\t\t<dt class='gallery-icon portrait'>\n\t\t\t\t<a href='http:\/\/skokporekord.pl\/?attachment_id=184'><img loading=\"lazy\" decoding=\"async\" width=\"200\" height=\"300\" src=\"http:\/\/skokporekord.pl\/wp-content\/uploads\/2023\/03\/fot_045-200x300.jpg\" class=\"attachment-medium size-medium\" alt=\"\" srcset=\"http:\/\/skokporekord.pl\/wp-content\/uploads\/2023\/03\/fot_045-200x300.jpg 200w, http:\/\/skokporekord.pl\/wp-content\/uploads\/2023\/03\/fot_045.jpg 500w\" sizes=\"auto, (max-width: 200px) 100vw, 200px\" \/><\/a>\n\t\t\t<\/dt><\/dl><dl class='gallery-item'>\n\t\t\t<dt class='gallery-icon landscape'>\n\t\t\t\t<a href='http:\/\/skokporekord.pl\/?attachment_id=180'><img loading=\"lazy\" decoding=\"async\" width=\"300\" height=\"200\" src=\"http:\/\/skokporekord.pl\/wp-content\/uploads\/2023\/03\/fot_037-300x200.jpg\" class=\"attachment-medium size-medium\" alt=\"\" srcset=\"http:\/\/skokporekord.pl\/wp-content\/uploads\/2023\/03\/fot_037-300x200.jpg 300w, http:\/\/skokporekord.pl\/wp-content\/uploads\/2023\/03\/fot_037.jpg 750w\" sizes=\"auto, (max-width: 300px) 100vw, 300px\" \/><\/a>\n\t\t\t<\/dt><\/dl><dl class='gallery-item'>\n\t\t\t<dt class='gallery-icon landscape'>\n\t\t\t\t<a href='http:\/\/skokporekord.pl\/?attachment_id=181'><img loading=\"lazy\" decoding=\"async\" width=\"300\" height=\"200\" src=\"http:\/\/skokporekord.pl\/wp-content\/uploads\/2023\/03\/fot_038-300x200.jpg\" class=\"attachment-medium size-medium\" alt=\"\" srcset=\"http:\/\/skokporekord.pl\/wp-content\/uploads\/2023\/03\/fot_038-300x200.jpg 300w, http:\/\/skokporekord.pl\/wp-content\/uploads\/2023\/03\/fot_038.jpg 750w\" sizes=\"auto, (max-width: 300px) 100vw, 300px\" \/><\/a>\n\t\t\t<\/dt><\/dl><br style=\"clear: both\" \/><dl class='gallery-item'>\n\t\t\t<dt class='gallery-icon landscape'>\n\t\t\t\t<a href='http:\/\/skokporekord.pl\/?attachment_id=182'><img loading=\"lazy\" decoding=\"async\" width=\"300\" height=\"200\" src=\"http:\/\/skokporekord.pl\/wp-content\/uploads\/2023\/03\/fot_039-300x200.jpg\" class=\"attachment-medium size-medium\" alt=\"\" srcset=\"http:\/\/skokporekord.pl\/wp-content\/uploads\/2023\/03\/fot_039-300x200.jpg 300w, http:\/\/skokporekord.pl\/wp-content\/uploads\/2023\/03\/fot_039.jpg 750w\" sizes=\"auto, (max-width: 300px) 100vw, 300px\" \/><\/a>\n\t\t\t<\/dt><\/dl><dl class='gallery-item'>\n\t\t\t<dt class='gallery-icon landscape'>\n\t\t\t\t<a href='http:\/\/skokporekord.pl\/?attachment_id=183'><img loading=\"lazy\" decoding=\"async\" width=\"300\" height=\"200\" src=\"http:\/\/skokporekord.pl\/wp-content\/uploads\/2023\/03\/fot_040-300x200.jpg\" class=\"attachment-medium size-medium\" alt=\"\" srcset=\"http:\/\/skokporekord.pl\/wp-content\/uploads\/2023\/03\/fot_040-300x200.jpg 300w, http:\/\/skokporekord.pl\/wp-content\/uploads\/2023\/03\/fot_040.jpg 750w\" sizes=\"auto, (max-width: 300px) 100vw, 300px\" \/><\/a>\n\t\t\t<\/dt><\/dl><dl class='gallery-item'>\n\t\t\t<dt class='gallery-icon landscape'>\n\t\t\t\t<a href='http:\/\/skokporekord.pl\/?attachment_id=185'><img loading=\"lazy\" decoding=\"async\" width=\"300\" height=\"200\" src=\"http:\/\/skokporekord.pl\/wp-content\/uploads\/2023\/03\/fot_177-300x200.jpg\" class=\"attachment-medium size-medium\" alt=\"\" srcset=\"http:\/\/skokporekord.pl\/wp-content\/uploads\/2023\/03\/fot_177-300x200.jpg 300w, http:\/\/skokporekord.pl\/wp-content\/uploads\/2023\/03\/fot_177.jpg 750w\" sizes=\"auto, (max-width: 300px) 100vw, 300px\" \/><\/a>\n\t\t\t<\/dt><\/dl><br style=\"clear: both\" \/>\n\t\t<\/div>\n\n<p>&nbsp;<\/p>\n","protected":false},"excerpt":{"rendered":"<p>Leszek Drogo\u0144 ur. 22.07.1931\u00a0 zm. 11.03.2023 Trener p\u0142ywania I klasy, s\u0119dzia p\u0142ywania I klasy, ratownik WOPR. Uprawia\u0142 p\u0142ywanie i skoki do wody. Absolwent Wy\u017cszej Szko\u0142y Wychowania Fizycznego we Wroc\u0142awiu (obecnie AWF), p\u00f3\u017aniej asystent w Zak\u0142adzie P\u0142ywania WSWF. Pocz\u0105tkowo pracowa\u0142 w &hellip; <a href=\"http:\/\/skokporekord.pl\/?page_id=172\">Continue reading <span class=\"meta-nav\">&rarr;<\/span><\/a><\/p>\n","protected":false},"author":1,"featured_media":0,"parent":79,"menu_order":0,"comment_status":"closed","ping_status":"closed","template":"","meta":{"footnotes":""},"class_list":["post-172","page","type-page","status-publish","hentry"],"_links":{"self":[{"href":"http:\/\/skokporekord.pl\/index.php?rest_route=\/wp\/v2\/pages\/172","targetHints":{"allow":["GET"]}}],"collection":[{"href":"http:\/\/skokporekord.pl\/index.php?rest_route=\/wp\/v2\/pages"}],"about":[{"href":"http:\/\/skokporekord.pl\/index.php?rest_route=\/wp\/v2\/types\/page"}],"author":[{"embeddable":true,"href":"http:\/\/skokporekord.pl\/index.php?rest_route=\/wp\/v2\/users\/1"}],"replies":[{"embeddable":true,"href":"http:\/\/skokporekord.pl\/index.php?rest_route=%2Fwp%2Fv2%2Fcomments&post=172"}],"version-history":[{"count":5,"href":"http:\/\/skokporekord.pl\/index.php?rest_route=\/wp\/v2\/pages\/172\/revisions"}],"predecessor-version":[{"id":186,"href":"http:\/\/skokporekord.pl\/index.php?rest_route=\/wp\/v2\/pages\/172\/revisions\/186"}],"up":[{"embeddable":true,"href":"http:\/\/skokporekord.pl\/index.php?rest_route=\/wp\/v2\/pages\/79"}],"wp:attachment":[{"href":"http:\/\/skokporekord.pl\/index.php?rest_route=%2Fwp%2Fv2%2Fmedia&parent=172"}],"curies":[{"name":"wp","href":"https:\/\/api.w.org\/{rel}","templated":true}]}}

Leszek Drogoń (1931-2023)

<div class="wp-block-image"><img loading="lazy" decoding="async" class="alignnone wp-image-173 " src="http://skokporekord.pl/wp-content/uploads/2023/03/Zdjecie-WhatsApp-2023-03-13-o-22.01.56-682x1024.jpg" alt="" width="441" height="662" data-id="173" srcset="http://skokporekord.pl/wp-content/uploads/2023/03/Zdjecie-WhatsApp-2023-03-13-o-22.01.56-682x1024.jpg 682w, http://skokporekord.pl/wp-content/uploads/2023/03/Zdjecie-WhatsApp-2023-03-13-o-22.01.56-200x300.jpg 200w, http://skokporekord.pl/wp-content/uploads/2023/03/Zdjecie-WhatsApp-2023-03-13-o-22.01.56-768x1153.jpg 768w, http://skokporekord.pl/wp-content/uploads/2023/03/Zdjecie-WhatsApp-2023-03-13-o-22.01.56-1023x1536.jpg 1023w, http://skokporekord.pl/wp-content/uploads/2023/03/Zdjecie-WhatsApp-2023-03-13-o-22.01.56.jpg 1066w" sizes="auto, (max-width: 441px) 100vw, 441px" /></div>
<h1></h1>
<h1 class="main-title"><strong>Leszek Drogoń</strong></h1>
<h3 class="main-title"><strong><em>ur. 22.07.1931  zm. 11.03.2023</em></strong></h3>
<p><strong>Trener pływania I klasy, sędzia pływania I klasy, ratownik WOPR. Uprawiał pływanie i skoki do wody.</strong></p>
<p>Absolwent Wyższej Szkoły Wychowania Fizycznego we Wrocławiu (obecnie AWF), później asystent w Zakładzie Pływania WSWF. Początkowo pracował w Szkole Podstawowej nr 11 we Wrocławiu oraz w klubie „Czarni”, który potem zmienił nazwę na „Budowlani”.</p>
<p>Od 1970 roku związał się z MKS Juvenia Wrocław i nowopowstałą Sportową Szkołą Podstawową nr 72 we Wrocławiu, w której pracował, aż do przejścia na emeryturę w 1983 roku. Został w niej pierwszym wicedyrektorem ds. sportu, a stanowisko to objął w 1974 roku, kiedy ukończono budowę sali gimnastycznej i pływalni. Był głównym organizatorem i propagatorem sportu pływackiego w tej szkole. W 2005 roku Kapituła SSP 72 przyznała mu tytuł BELFERUS HONORIS CAUSA.</p>
<p>Za zaangażowanie i zasługi dla sportu był wielokrotnie odznaczany i nagradzany: Złotym i Brązowym Krzyżem Zasługi, Brązową Odznaką „Zasłużony Działacz Kultury Fizycznej”, Brązową Odznaką „Zasłużony dla Województwa Wrocławskiego i Miasta Wrocławia, Medalem 50-lecia i 60-lecia Polskiego Związku Pływackiego. Honorową odznaką Polskiego Związku Pływackiego, nagrodami Ministerstwa Oświaty i Wychowania oraz Kuratora Oświaty i Wychowania, Wyróżnieniem Szkolnego Związku Sportowego i odznaką Zasłużony dla Dolnośląskiego Pływania.</p>
<p>Wychowawca i trener wielu medalistów i finalistów zawodów ogólnopolskich. Jego wychowankowie to m.in.: Krzysztof Bukowski, Krzysztof Bober, Artur Bednarz, Dorota Fiziar (Serafin), Małgorzata Fiziar (Blicharska), Małgorzata Januś (Widanka), Sławomir Bury, Jerzy Michałek, Jarosław Najdek.</p>
<p><em>Ciekawostką jest, że Leszek Drogoń był sędzią na pływalni przy ul. Teatralnej podczas pobicia rekordu świata na 100 m stylem klasycznym przez Marka Petrusewicza! Na pływalnię przybyło wtedy 3 tysiące ludzi, a drugie tyle stało przed budynkiem Miejskich Zakładów Kąpielowych słuchając relacji przez głośniki.</em></p>
<h5>Zdjęcia zrobione zostało podczas obchodów 60-lecia MKS Juvenia Wrocław w 2006 r. (autor Andrzej Solnica)</h5>
<div id='gallery-1' class='gallery galleryid-172 gallery-columns-3 gallery-size-medium'><dl class='gallery-item'>
			<dt class='gallery-icon portrait'>
				<a href='http://skokporekord.pl/?attachment_id=184'><img loading="lazy" decoding="async" width="200" height="300" src="http://skokporekord.pl/wp-content/uploads/2023/03/fot_045-200x300.jpg" class="attachment-medium size-medium" alt="" srcset="http://skokporekord.pl/wp-content/uploads/2023/03/fot_045-200x300.jpg 200w, http://skokporekord.pl/wp-content/uploads/2023/03/fot_045.jpg 500w" sizes="auto, (max-width: 200px) 100vw, 200px" /></a>
			</dt></dl><dl class='gallery-item'>
			<dt class='gallery-icon landscape'>
				<a href='http://skokporekord.pl/?attachment_id=180'><img loading="lazy" decoding="async" width="300" height="200" src="http://skokporekord.pl/wp-content/uploads/2023/03/fot_037-300x200.jpg" class="attachment-medium size-medium" alt="" srcset="http://skokporekord.pl/wp-content/uploads/2023/03/fot_037-300x200.jpg 300w, http://skokporekord.pl/wp-content/uploads/2023/03/fot_037.jpg 750w" sizes="auto, (max-width: 300px) 100vw, 300px" /></a>
			</dt></dl><dl class='gallery-item'>
			<dt class='gallery-icon landscape'>
				<a href='http://skokporekord.pl/?attachment_id=181'><img loading="lazy" decoding="async" width="300" height="200" src="http://skokporekord.pl/wp-content/uploads/2023/03/fot_038-300x200.jpg" class="attachment-medium size-medium" alt="" srcset="http://skokporekord.pl/wp-content/uploads/2023/03/fot_038-300x200.jpg 300w, http://skokporekord.pl/wp-content/uploads/2023/03/fot_038.jpg 750w" sizes="auto, (max-width: 300px) 100vw, 300px" /></a>
			</dt></dl><br style="clear: both" /><dl class='gallery-item'>
			<dt class='gallery-icon landscape'>
				<a href='http://skokporekord.pl/?attachment_id=182'><img loading="lazy" decoding="async" width="300" height="200" src="http://skokporekord.pl/wp-content/uploads/2023/03/fot_039-300x200.jpg" class="attachment-medium size-medium" alt="" srcset="http://skokporekord.pl/wp-content/uploads/2023/03/fot_039-300x200.jpg 300w, http://skokporekord.pl/wp-content/uploads/2023/03/fot_039.jpg 750w" sizes="auto, (max-width: 300px) 100vw, 300px" /></a>
			</dt></dl><dl class='gallery-item'>
			<dt class='gallery-icon landscape'>
				<a href='http://skokporekord.pl/?attachment_id=183'><img loading="lazy" decoding="async" width="300" height="200" src="http://skokporekord.pl/wp-content/uploads/2023/03/fot_040-300x200.jpg" class="attachment-medium size-medium" alt="" srcset="http://skokporekord.pl/wp-content/uploads/2023/03/fot_040-300x200.jpg 300w, http://skokporekord.pl/wp-content/uploads/2023/03/fot_040.jpg 750w" sizes="auto, (max-width: 300px) 100vw, 300px" /></a>
			</dt></dl><dl class='gallery-item'>
			<dt class='gallery-icon landscape'>
				<a href='http://skokporekord.pl/?attachment_id=185'><img loading="lazy" decoding="async" width="300" height="200" src="http://skokporekord.pl/wp-content/uploads/2023/03/fot_177-300x200.jpg" class="attachment-medium size-medium" alt="" srcset="http://skokporekord.pl/wp-content/uploads/2023/03/fot_177-300x200.jpg 300w, http://skokporekord.pl/wp-content/uploads/2023/03/fot_177.jpg 750w" sizes="auto, (max-width: 300px) 100vw, 300px" /></a>
			</dt></dl><br style="clear: both" />
		</div>

<p>&nbsp;</p>

<p>Leszek Drogoń ur. 22.07.1931  zm. 11.03.2023 Trener pływania I klasy, sędzia pływania I klasy, ratownik WOPR. Uprawiał pływanie i skoki do wody. Absolwent Wyższej Szkoły Wychowania Fizycznego we Wrocławiu (obecnie AWF), później asystent w Zakładzie Pływania WSWF. Początkowo pracował w &hellip; <a href="http://skokporekord.pl/?page_id=172">Continue reading <span class="meta-nav">&rarr;</span></a></p>
